9336 is divided by 43442?
64
Calculate the remainder when 316725 is divided by 157.
56
Calculate the remainder when 3915566 is divided by 543.
536
What is the remainder when 1978390 is divided by 329703?
172
Calculate the remainder when 2019582 is divided by 235.
227
What is the remainder when 138050 is divided by 173?
169
Calculate the remainder when 29789411 is divided by 39145.
66
Calculate the remainder when 13645482 is divided by 24.
18
What is the remainder when 7071756 is divided by 3453?
12
Calculate the remainder when 23443349 is divided by 2344333.
19
Calculate the remainder when 429272 is divided by 40.
32
Calculate the remainder when 28910279 is divided by 94.
15
What is the remainder when 357553 is divided by 7606?
71
What is the remainder when 1751390 is divided by 50?
40
Calculate the remainder when 928780 is divided by 928664.
116
What is the remainder when 36901429 is divided by 1476057?
4
Calculate the remainder when 10920079 is divided by 232342.
5
Calculate the remainder when 4255876 is divided by 21386.
62
Calculate the remainder when 499468 is divided by 24800.
3468
Calculate the remainder when 454489 is divided by 3335.
929
What is the remainder when 57088988 is divided by 74?
60
What is the remainder when 176012 is divided by 4231?
2541
What is the remainder when 15665 is divided by 14435?
1230
Calculate the remainder when 2529528 is divided by 90.
78
Calculate the remainder when 410884 is divided by 1167.
100
What is the remainder when 138717 is divided by 15400?
117
What is the remainder when 1834689 is divided by 61155?
39
Calculate the remainder when 310140 is divided by 64.
60
What is the remainder when 43884227 is divided by 8?
3
Calculate the remainder when 648303 is divided by 1189.
298
Calculate the remainder when 4031135 is divided by 139.
135
What is the remainder when 2448624 is divided by 433?
9
What is the remainder when 48783671 is divided by 1548?
1547
Calculate the remainder when 493506 is divided by 163138.
4092
Calculate the remainder when 40828143 is divided by 5277.
5271
What is the remainder when 2586836 is divided by 832?
148
What is the remainder when 73725 is divided by 36635?
455
What is the remainder when 67309 is divided by 1141?
1131
Calculate the remainder when 102803 is divided by 51118.
567
Calculate the remainder when 430186 is divided by 43017.
16
Calculate the remainder when 109432962 is divided by 345.
342
What is the remainder when 6126984 is divided by 28?
24
What is the remainder when 92641 is divided by 9006?
2581
What is the remainder when 137054 is divided by 101?
98
What is the remainder when 143658 is divided by 291?
195
What is the remainder when 31826 is divided by 15?
11
Calculate the remainder when 22705709 is divided by 337.
334
Calculate the remainder when 1774190 is divided by 5.
0
What is the remainder when 6794356 is divided by 1121?
1096
What is the remainder when 1422435 is divided by 3803?
113
What is the remainder when 6311849 is divided by 50?
49
Calculate the remainder when 38869436 is divided by 608.
604
What is the remainder when 199002 is divided by 428?
410
Calculate the remainder when 221816 is divided by 110901.
14
What is the remainder when 27126 is divided by 4979?
2231
What is the remainder when 66505900 is divided by 341?
329
What is the remainder when 3661132 is divided by 1830527?
78
What is the remainder when 43695127 is divided by 5461885?
47
Calculate the remainder when 5398464 is divided by 246.
240
What is the remainder when 155415818 is divided by 532?
530
Calculate the remainder when 326447 is divided by 11.
0
What is the remainder when 13455958 is divided by 769?
765
What is the remainder when 13167 is divided by 1806?
525
What is the remainder when 20301 is divided by 5085?
5046
What is the remainder when 2288730 is divided by 30924?
354
Calculate the remainder when 765945 is divided by 426.
423
Calculate the remainder when 672153 is divided by 35371.
104
Calculate the remainder when 19906238 is divided by 4784.
14
Calculate the remainder when 2865289 is divided by 3407.
2
What is the remainder when 1070966 is divided by 110?
6
Calculate the remainder when 160361 is divided by 160356.
5
What is the remainder when 8997560 is divided by 27?
26
What is the remainder when 6483839 is divided by 176?
175
What is the remainder when 51208 is divided by 157?
26
Calculate the remainder when 1924211 is divided by 641399.
14
Calculate the remainder when 1264931 is divided by 236.
207
Calculate the remainder when 548963 is divided by 548941.
22
What is the remainder when 1171641 is divided by 176?
9
Calculate the remainder when 16976714 is divided by 557.
468
What is the remainder when 17962700 is divided by 22?
8
Calculate the remainder when 279064027 is divided by 23.
13
Calculate the remainder when 2698601 is divided by 2698595.
6
What is the remainder when 11901542 is divided by 9598?
22
Calculate the remainder when 9216 is divided by 7180.
2036
What is the remainder when 3376119 is divided by 112?
103
What is the remainder when 2236289 is divided by 574?
559
Calculate the remainder when 203011 is divided by 270.
241
What is the remainder when 648263 is divided by 1447?
7
What is the remainder when 13498274 is divided by 99?
20
What is the remainder when 1593540 is divided by 120?
60
Calculate the remainder when 686409 is divided by 1283.
4
What is the remainder when 400776015 is divided by 8431?
8430
Calculate the remainder when 25713108 is divided by 709.
514
What is the remainder when 160088261 is divided by 3573?
3569
What is the remainder when 32016573 is divided by 289?
286
Calculate the remainder when 71505 is divided by 4759.
120
What is the remainder when 326481495 is divided by 20?
15
What is the remainder when 137468 is divided by 1447?
3
What is the remainder when 27008202 is divided by 1857?
1851
Calculate the remainder when 11279648 is divided by 427.
16
Calculate the remainder when 1052363 is divided by 55.
48
Calculate the remainder when 394798213 is divided by 94.
93
What is the remainder when 490841 is divided by 2836?
213
Calculate the remainder when 1347076570 is divided by 1053.
1048
What is the remainder when 690669 is divided by 1308?
45
Calculate the remainder when 44759020 is divided by 77.
75
Calculate the remainder when 5556116 is divided by 1015.
6
Calculate the remainder when 537362 is divided by 16269.
485
What is the remainder when 36120978 is divided by 31?
26
Calculate the remainder when 1085193 is divided by 90423.
117
Calculate the remainder when 22109859 is divided by 151.
137
Calculate the remainder when 1025684 is divided by 23311.
0
What is the remainder when 4483138 is divided by 8349?
8074
What is the remainder when 174274 is divided by 43551?
70
Calculate the remainder when 101066 is divided by 25073.
774
What is the remainder when 2126489 is divided by 1062655?
1179
What is the remainder when 15313 is divided by 2926?
683
Calculate the remainder when 911721 is divided by 39640.
1
Calculate the remainder when 2257974 is divided by 55.
4
Calculate the remainder when 149685 is divided by 1871.
5
Calculate the remainder when 136921 is divided by 3450.
2371
What is the remainder when 10832 is divided by 3581?
89
What is the remainder when 7820083 is divided by 595?
593
What is the remainder when 14318019 is divided by 7702?
1
Calculate the remainder when 557094 is divided by 816.
582
Calculate the remainder when 91571000 is divided by 644.
640
What is the remainder when 1756632 is divided by 11333?
17
Calculate the remainder when 7522338 is divided by 417904.
66
What is the remainder when 1485716 is divided by 2641?
1474
What is the remainder when 30843 is divided by 2141?
869
What is the remainder when 3461242 is divided by 908?
854
Calculate the remainder when 4515182 is divided by 27.
26
What is the remainder when 6896939 is divided by 8?
3
What is the remainder when 6546623 is divided by 189?
41
Calculate the remainder when 1075342 is divided by 268560.
1102
Calculate the remainder when 16762257 is divided by 5587406.
39
What is the remainder when 133831 is divided by 44581?
88
Calculate the remainder when 2078998 is divided by 18.
16
Calculate the remainder when 443998944 is divided by 23.
21
Calculate 